atest common divisor of d and 1.
1
Let i(f) = 42*f**2 - 2. Let n be i(-1). Calculate the greatest common divisor of n and 30.
10
Let w(r) = 2*r**2 - 4*r + 3. Let t be w(2). Let c be 2*(-6)/(-4)*-1. Let l be 0 + (-3)/c*3. Calculate the highest common divisor of t and l.
3
Let l = 158 - 86. What is the highest common factor of l and 8?
8
Let f = 14 + -4. Suppose 2*b = -3 - 7. Let i be ((-80)/3)/(b/15). Calculate the highest common divisor of f and i.
10
Let b be (-2)/(-2*(-3)/(-45)). Let i = 39 - b. Calculate the highest common divisor of 16 and i.
8
Suppose 0 = -2*z + 3*z - 5. Suppose -3*p + z*p - 8 = 0. Suppose -3*f - w + 18 = -4*w, p*f - 2*w = 16. Calculate the greatest common divisor of 1 and f.
1
Let u be -4 + -1 + (13 - -4). What is the greatest common factor of 18 and u?
6
Suppose s + 5 = 0, a - 3*s - 55 = -4*a. Suppose a*b - 3*b = 1000. What is the greatest common divisor of b and 25?
25
Suppose -w = -5*k - 35, -2*w - 8*k + 18 = -5*k. Let s(z) = 8*z**3 + 2*z**2 + 3*z - 3. Let u be s(2). Calculate the highest common factor of w and u.
15
Suppose 3*y + 2*y = -5*x - 5, -5*y = 4*x + 7. Let p be 9/(-3) + 105 + y. What is the greatest common divisor of 9 and p?
9
Let d(y) = 0*y - 5*y + 0 + 2*y**2 + y - 2. Let x be d(5). Calculate the highest common divisor of x and 7.
7
Let g = 89 - 48. Let s = g - 20. What is the greatest common factor of s and 7?
7
Let m(u) = -2*u**3 + u**2 + u. Let c be m(-1). Calculate the greatest common divisor of c and 5.
1
Let z(g) = g**3 - 3*g**2 - 3*g. Let m be z(4). Suppose -m*x + 16 = -2*x. What is the highest common factor of x and 4?
4
Let y be (8/(-3))/(1/(-30)). Let h = 135 - y. Let g(f) = f**2 + 6*f - 2. Let v be g(-7). What is the greatest common divisor of v and h?
5
Suppose 2*g + 0*g - 4 = 0. Let p(c) = c**3 + 9*c**2 + 9*c - 17. Let n be p(-7). What is the greatest common factor of g and n?
2
Let j = 53 + -17. Calculate the greatest common divisor of j and 12.
12
Suppose 0 = 5*y - 0 - 20. Suppose 0 = -4*l - y*f + 36, 0 = -0*l + 4*l + 2*f - 36. Let h be 12/(-1)*12/(-8). Calculate the greatest common divisor of l and h.
9
Let a(k) = -k**2 - 1 - 2 + 6*k**3 + 0*k**2 + 2*k. Let r = -52 - -54. Let s be a(r). What is the greatest common divisor of 9 and s?
9
Suppose 0 = x + 2*b - 81, -3*x + 2*b + 429 = 2*x. What is the highest common divisor of 34 and x?
17
Let c = 85 + -49. Calculate the highest common factor of c and 4.
4
Suppose 0 = -4*a - 3 + 15. Let v = -10 - -16. What is the highest common factor of v and a?
3
Suppose -2*r = r. Let m = 5 - r. Suppose 3*k - m*k = -120. What is the highest common factor of 15 and k?
15
Let z = 242 + -160. Let k = z - 31. What is the highest common divisor of 17 and k?
17
Let r = -99 - -167. What is the greatest common divisor of r and 4?
4
Suppose 7 + 17 = -2*x. Let w(l) = -l**2 - 16*l - 15. Let n be w(x). What is the highest common divisor of n and 11?
11
Let z(w) = 5*w - 10. Let p be z(12). What is the greatest common factor of 125 and p?
25
Let w be 28/(-154) - 2974/(-22). Suppose 0 = 4*l - 2*q - 54, -3*l - 5*q = -4*l. Calculate the greatest common divisor of w and l.
15
Let x(r) = r**3 - 11*r**2 + 14*r. Let z be x(10). What is the highest common divisor of z and 16?
8
Suppose 7*g = 3*g + 16. Let s(p) = p**2 - p**2 + p**2. Let j be s(-6). Calculate the highest common factor of j and g.
4
Let d be 0*((2 - 3) + 0). Suppose d = 3*s - 23 - 4. What is the highest common factor of 99 and s?
9
Suppose -54 - 120 = -2*j. Calculate the greatest common factor of 58 and j.
29
Let p = 18 + 12. Suppose 0 = r + r - p. Calculate the highest common factor of r and 135.
15
Suppose 0*u + 5*u - 5*f = 100, 0 = 2*u + 4*f - 28. Calculate the greatest common factor of 198 and u.
18
Let x = 6 + -2. Suppose -x*k - 5 = b - 23, -k = -b - 2. What is the highest common factor of b and 10?
2
Let k be (1 - -1 - 3) + 3. Let t = 7 - k. Suppose -3*g + g = -2*p + 122, -290 = -t*p + 2*g. What is the highest common divisor of p and 14?
14
Let k = -59 + 65. Calculate the highest common divisor of 48 and k.
6
Let k = -96 - -117. Calculate the highest common factor of 168 and k.
21
Let q be (0/6)/(1*2). Suppose l + q = 10. Calculate the highest common factor of l and 50.
10
Let c be 1 + (2 - (-14)/1). Let b = -6 + c. What is the highest common divisor of b and 33?
11
Suppose 0 = -2*m + 4*m - 112. What is the highest common factor of 8 and m?
8
Let k(y) = y + 2. Let f be k(3). Suppose -v - f*s + s + 17 = 0, -s + 1 = 0. Suppose -t + v = -1. What is the greatest common divisor of t and 154?
14
Suppose -13*o - 6*o + 3192 = 0. What is the greatest common divisor of 21 and o?
21
Let d(y) = 3*y + 3. Let o be d(-4). Let r be (-3)/(-6)*-2 - o. Let i(h) = 31*h + 2. Let k be i(2). What is the greatest common factor of k and r?
8
Suppose -31 = -c - q, 0 = 2*q - 6*q. What is the highest common factor of 155 and c?
31
Let b(l) = 2 + 0*l**2 - l**2 + 0 + 3*l - l**3 + 0*l**2. Let m be b(-3). Calculate the greatest common divisor of m and 88.
11
Suppose 3*n - 2*n - 27 = 0. Suppose -7*o - 14 = -140. Calculate the greatest common divisor of n and o.
9
Let m = -15 - -11. Let u(x) = 3*x + 4. Let y be u(m). Let a be (-1)/(10/y - -1). Calculate the highest common factor of a and 4.
4
Let x = 12 - 4. Let j(f) = -f**3 + 9*f**2 - 9*f + 11. Let y be j(x). Let r be -2*(2 + -5 + 2). Calculate the highest common divisor of r and y.
1
Let k(t) = 4*t**2 - t + 1. Let r be k(1). Suppose -q - q = -r. Calculate the highest common factor of q and 4.
2
Let i = -11 - -21. Suppose -97 + 277 = 4*j. Let z be 1/(-5) - (-99)/j. What is the highest common factor of i and z?
2
Let c be (-74)/(-2) + 1 + 2. Calculate the highest common divisor of 160 and c.
40
Suppose -5*p = -2*p + 9, -5*g = 2*p - 519. What is the greatest common factor of g and 15?
15
Suppose 3*i - 5*x = 42 - 15, 2*x = -4*i + 36. What is the highest common divisor of i and 27?
9
Suppose -6 = 4*v + 2. Let w be (-2 - v - -2) + 0. Suppose 0 = 4*k - 5*u - 17 + 4, 3*k - 3*u - 9 = 0. What is the greatest common divisor of k and w?
2
Suppose 26 = 3*t - 82. What is the greatest common factor of t and 162?
18
Let x = -77 + 109. What is the highest common divisor of 8 and x?
8
Let l = 14 + -7. Calculate the highest common factor of l and 35.
7
Let p be (0 - 3)/((-9)/(-12)). Let z be ((-2)/(-6))/(p/(-60)). Suppose -z*w + 67 = -13. Calculate the highest common factor of 176 and w.
16
Let t(b) = -b**3 + 3*b**2 - 4*b - 6. Let x be t(-3). What is the greatest common divisor of x and 24?
12
Let k = 33 - 18. Suppose -4 = -n + 2. Calculate the greatest common factor of k and n.
3
Let i(r) = -5*r + 3. Let y be ((-6)/9)/((-2)/(-18)). Let h be i(y). What is the greatest common divisor of h and 3?
3
Let r(g) = g**3 + 2*g**2 + 2. Let u be r(-2). Calculate the highest common divisor of 1 and u.
1
Suppose -4*m + 45*i = 50*i - 233, 5 = i. Suppose 9 = 2*l - 17. What is the greatest common divisor of l and m?
13
Let w(i) = i**2 - 8*i - 5. Let x be w(5). Let p = -8 - x. What is the highest common factor of p and 24?
12
Let f = 32 + 16. Let s = f - 14. Calculate the highest common factor of s and 102.
34
Suppose 32 = 3*t + 5*d, -26 - 8 = -3*t - 4*d. Suppose -f - 138 = -4*x - 0*f, x + f = 37. What is the greatest common divisor of x and t?
7
Suppose 18 = -0*s - 3*s. Let o(q) = -q**3 - 6*q**2 + 2*q + 8. Let n be o(s). Let f be 5 + -1 + n/(-2). Calculate the greatest common divisor of f and 18.
6
Let x be ((-6)/18)/((-1)/24). Calculate the highest common factor of 24 and x.
8
Let m = -2 + 2. Suppose -w + 0 + 2 = m. Suppose -4*n + 9 = 1, -3*p + 16 = 5*n. What is the highest common divisor of p and w?
2
Let z(d) = -d**2 + 3*d + 1. Let c be z(3). Suppose -5*q + c + 29 = 0. Suppose -t + 0*t = -3. What is the greatest common divisor of t and q?
3
Suppose -5*z = 6*n - n - 105, 0 = -3*n. Calculate the highest common factor of z and 126.
21
Let g = 8 + 42. Calculate the highest common divisor of g and 40.
10
Let p(a) = -3*a + 12. Let k be p(-11). Calculate the highest common divisor of k and 30.
15
Suppose 215 = 9*z - 406. Calculate the highest common factor of 3 and z.
3
Let n = 165 + -63. Suppose -q = 4*r - n, -65 = -3*r + 7*q - 2*q. What is the highest common divisor of 50 and r?
25
Let d = -6 + 11. Suppose d*j - 5 - 5 = 0. Su